{"id":2,"date":"2023-10-10T16:35:19","date_gmt":"2023-10-10T14:35:19","guid":{"rendered":"http:\/\/claudel.ch\/?page_id=2"},"modified":"2023-10-11T15:09:07","modified_gmt":"2023-10-11T13:09:07","slug":"page-d-exemple","status":"publish","type":"page","link":"https:\/\/claudel.ch\/","title":{"rendered":"Biographie"},"content":{"rendered":"\n<p>Dipl\u00f4m\u00e9e du Conservatoire National Sup\u00e9rieur de Musique de Paris \u00e0 22 ans, elle poursuit sa formation \u00e0 l\u2019Ecole d\u2019Art lyrique de l\u2019Op\u00e9ra de Paris. Elle obtient \u00e0 l&#8217;unanimit\u00e9 le Premier Prix au Concours International de Chant de Treviso, puis d\u00e9bute en Suisse dans le r\u00f4le de Carmen, Ruggiero dans Alcina de Haendel et celui de Nicklausse ddes Contes d&#8217;Hoffmann. En outre, l\u2019Italie lui permet d\u2019aborder l\u2019un de ses r\u00f4les pr\u00e9f\u00e9r\u00e9s : Rosine (Le Barbier de S\u00e9ville).<\/p>\n\n\n\n<p>Elle se produit r\u00e9guli\u00e8rement sur les grandes sc\u00e8nes europ\u00e9ennes, notamment \u00e0 la Scala de Milan dans le la Haine dans Armide de Gl\u00fcck sous la direction de Riccardo Muti, Javotte dans Manon de Massenet sous la direction de Gary Bertini, \u00e0 l\u2019Op\u00e9ra Garnier pour le Tricorne de Manuel de Falla, au Grand Th\u00e9\u00e2tre de Gen\u00e8ve pour Olga dans Eug\u00e8ne On\u00e9guine, Le Martyre de Saint-S\u00e9bastien \u00e0 Hambourg dirig\u00e9 par Ingo Metzmacher, Noces de Stravinsky au Th\u00e9\u00e2tre du Ch\u00e2telet \u00e0 Paris sous la direction de David Robertson \u00e0 la t\u00eate de l\u2019Ensemble Intercontemporain, r\u00f4le repris avec l\u2019Orchestre Philharmonique de Radio France plac\u00e9 sous la direction de Marek Janowski et l&#8217;Accademia Italiana di Santa Cecilia de Rome, l\u2019Enfant et les Sortil\u00e8ges au Th\u00e9\u00e2tre des Champs Elys\u00e9es \u00e0 Paris avec l\u2019Orchestre National de France plac\u00e9 sous la direction de Charles Dutoit et au Teatro Comunale di Firenze sous la direction de Maestro Chung, Stephano dans Rom\u00e9o et Juliette et Carmen (Mercedes) \u00e0 l\u2019Op\u00e9ra de Zurich.<\/p>\n\n\n\n<p>Elle a interpr\u00e9t\u00e9 notamment, le r\u00f4le-titre de l\u2019Enfant et les Sortil\u00e8ges avec l\u2019Orchestre Symphonique de Berlin (direction Serge Baudo), Isaura (Tancredi) \u00e0 l\u2019Op\u00e9ra de Marseille, La Mort de Cl\u00e9op\u00e2tre dans le cadre du Festival dei Due Mondi de Spoleto. Pour la firme &#8220;K617&#8221;, elle a enregistr\u00e9 le Stabat Mater de Th\u00e9odore Gouvy, Marceline dans Les Noces de Figaro, sous la direction de Ren\u00e9 Jacobs, mise en sc\u00e8ne de Jean Louis Martinoty, au Th\u00e9\u00e2tre des Champs Elys\u00e9es. Elle est sollicit\u00e9e au festival de Montreux, au Concertgebouw d\u2019Amsterdam et au Palau de la Musica de Valencia, elle interpr\u00e8te Le Martyre de Saint Sebastien et Amadigi \u00e0 Naples, 2\u00e8me dame dans Die Zauberfl\u00f6te au Teatro de la Maestranza de S\u00e9ville, Olga dans Eug\u00e8ne Oneguine au Grand Th\u00e9\u00e2tre de Gen\u00e8ve etc\u2026.<\/p>\n\n\n\n<p>Par la suite, on a pu l\u2019applaudir dans Dorabella (Cosi fan Tutte) \u00e0 l\u2019Op\u00e9ra de Tours, et dans M\u00e9d\u00e9e de Mich\u00e8le Reverdy \u00e0 l\u2019Op\u00e9ra de Lyon (cr\u00e9ation mondiale), Les Noces de Figaro et Verlaine Paul de Georges B\u0153uf \u00e0 l\u2019Op\u00e9ra de Marseille, La Traviata et le Requiem de Mozart respectivement dans le cadre des Festivals d\u2019Antibes et de Lacoste. Notons ensuite un retour au Th\u00e9\u00e2tre des Champs Elys\u00e9es et au Barbican Center pour une reprise des Noces de Figaro (r\u00f4le de Marcelina) mise en sc\u00e8ne de Jean Louis Martinoty, au Grand Th\u00e9\u00e2tre de Gen\u00e8ve pour Otello ainsi qu&#8217;\u00e0 Dublin dans La Mort de Cl\u00e9opatre. On la retrouve au Th\u00e9\u00e2tre des Champs Elys\u00e9es dans les Noces de Figaro, \u00e0 Nantes dans le r\u00f4le de Carmen pour une s\u00e9rie de concerts et aussi \u00e0 Trieste dans le r\u00f4le de Dulcin\u00e9e dans Don Quichotte. Elle reprend le r\u00f4le de Marceline dans Le Nozze di Figaro en Italie aux c\u00f4t\u00e9s d\u2019Amarilli Nizza, Opera de Nice, La servante dans Maria Golovin de Menotti \u00e0 l\u2019Op\u00e9ra de Marseille, Maddalena dans Rigoletto \u00e0 Rouen, S\u00e9lysette dans Arianne et Barbe-Bleue de Dukas \u00e0 Turin, la Gazza Ladra \u00e0 l\u2019Op\u00e9ra de Massy<\/p>\n\n\n\n<p>Plus r\u00e9cemment, elle a chant\u00e9 le r\u00f4le-titre de Carmen \u00e0 Skopje et au Japon sous la direction de Yutaka Sado, Elias de Mendelssohn au Th\u00e9\u00e2tre des Champs Elys\u00e9es sous la direction de Kurt Masur \u00e0 la t\u00eate de l\u2019Orchestre National de France, r\u00e9cital \u00e0 l\u2019Op\u00e9ra-Comique, l&#8217;aubergiste dans le Ch\u00e2teau des Carpathes de Philippe Hersant \u00e0 l\u2019Op\u00e9ra de Rennes et Salle Pleyel \u00e0 Paris, le Stabat Mater de Dvorak \u00e0 l&#8217;Op\u00e9ra de Tours, l\u2019Amor Brujo de Falla au Th\u00e9\u00e2tre des Champs Elys\u00e9es, Annina dans le Chevalier \u00e0 la Rose \u00e0 l&#8217;Op\u00e9ra de Marseille, Carmen au festival de Bastia, Siegrune dans La Walkyrie \u00e0 Rennes, Berta dans Barbier de S\u00e9ville au Th\u00e9\u00e2tre des Champs Elys\u00e9es, Flora dans La Traviata \u00e0 Rennes, et Marseille, Marthe dans Faust \u00e0 Toulon, Th\u00e9odolinde dans \u00ab La Chartreuse de Parme \u00bb d\u2019Henry Sauguet \u00e0 Marseille, Marceline dans \u00ab Les Noces de Figaro \u00bb \u00e0 Bordeaux, Cl\u00e9one dans P\u00e9n\u00e9lope de Faur\u00e9 au Th\u00e9\u00e2tre des Champs-Elys\u00e9es, Thisb\u00e9 dans Cenerentola \u00e0 Strasbourg, Emilia dans Otello aux Chor\u00e9gies d\u2019Orange, Ernestina dans l\u2019occasione fa il ladro au Th\u00e9\u00e2tre des Champs Elys\u00e9es, La m\u00e8re, la tasse chinoise et la libellule dans l\u2019Enfant et les sortil\u00e8ges avec le Swedish Radio Symphonia Orchestra conductde by Esa-Pekka Salonen, Macbeth et lady Kennedy dans Maria Stuarda au TCE, Princesse de Bouillon dans Adrienne Lecouvreur \u00e0 Saint Etienne, Amadigi d\u2019Haendel \u00e0 Massy<\/p>\n\n\n\n<p>Pour le 60\u00e8me anniversaire de la lib\u00e9ration du camp de concentration de Ravensbr\u00fcck, le th\u00e9\u00e2tre du Ch\u00e2telet lui confie le r\u00f4le de Havas dans : \u00ab Le Verf\u00fcgbar aux Enfers \u00bb de Germaine Tillon.<\/p>\n\n\n\n<p>Ses engagements r\u00e9cents et futurs :<br>Compi\u00e8gne, Ath\u00e9n\u00e9e Paris, Filipievna dans Eugene Oneguine \u00e0 Toulon, Massy,Toulouse, Marie dans l\u2019Enfance du Christ , Ragonde dans Comte Ory (Zurich), Reine Gertrude dans Hamlet \u00e0 Hong Kong, Madame de Croissy dans Dialogues des carm\u00e9lites (Bruxelles, Hambourg), On purge B\u00e9b\u00e9 (Bruxelles,Lyon, Ch\u00e2telet), Marcellina dans les Nozze di Figaro (Lyon), Mescalina dans Le grand Macabre (Festival George Enescu, Bucarest)L\u2019Opinion Publique dans Orph\u00e9e aux enfers ( Lausanne)<\/p>\n\n\n\n<p>Sophie Pondjiclis est Chevalier dans l\u2019Ordre des Arts et Lettres<\/p>\n","protected":false},"excerpt":{"rendered":"<p>Dipl\u00f4m\u00e9e du Conservatoire National Sup\u00e9rieur de Musique de Paris \u00e0 22 ans, elle poursuit sa formation \u00e0 l\u2019Ecole d\u2019Art lyrique de l\u2019Op\u00e9ra de Paris. Elle obtient \u00e0 l&#8217;unanimit\u00e9 le Premier Prix au Concours International de Chant de Treviso, puis d\u00e9bute en Suisse dans le r\u00f4le de Carmen, Ruggiero dans Alcina de Haendel et celui de [&hellip;]<\/p>\n","protected":false},"author":1,"featured_media":0,"parent":0,"menu_order":0,"comment_status":"closed","ping_status":"open","template":"","meta":{"footnotes":""},"class_list":["post-2","page","type-page","status-publish","hentry"],"_links":{"self":[{"href":"https:\/\/claudel.ch\/index.php\/wp-json\/wp\/v2\/pages\/2","targetHints":{"allow":["GET"]}}],"collection":[{"href":"https:\/\/claudel.ch\/index.php\/wp-json\/wp\/v2\/pages"}],"about":[{"href":"https:\/\/claudel.ch\/index.php\/wp-json\/wp\/v2\/types\/page"}],"author":[{"embeddable":true,"href":"https:\/\/claudel.ch\/index.php\/wp-json\/wp\/v2\/users\/1"}],"replies":[{"embeddable":true,"href":"https:\/\/claudel.ch\/index.php\/wp-json\/wp\/v2\/comments?post=2"}],"version-history":[{"count":1,"href":"https:\/\/claudel.ch\/index.php\/wp-json\/wp\/v2\/pages\/2\/revisions"}],"predecessor-version":[{"id":16,"href":"https:\/\/claudel.ch\/index.php\/wp-json\/wp\/v2\/pages\/2\/revisions\/16"}],"wp:attachment":[{"href":"https:\/\/claudel.ch\/index.php\/wp-json\/wp\/v2\/media?parent=2"}],"curies":[{"name":"wp","href":"https:\/\/api.w.org\/{rel}","templated":true}]}}